e 4*g + g - 25 = j. List the prime factors of (25/g)/(2/4).
2, 5
Let d(j) = -j**3 + 9*j**2 - 8*j + 4. Let p = -1 - -9. List the prime factors of d(p).
2
Suppose 0 = -2*z + a + 28, 2*z = -5*a + 4*a + 20. What are the prime factors of z?
2, 3
Suppose 17 = 5*v - 8. Let t = -1 + v. List the prime factors of t.
2
Let m(h) = -h**3 + h**2 + 3*h - 4. Let t be m(3). List the prime factors of t*(-1 + (-2 - -2)).
13
Suppose -66 = -4*s + 7*s. Let o be (-9)/(-2)*(-16)/6. Let p = o - s. What are the prime factors of p?
2, 5
Let k be 33/9 - (-1)/3. Suppose 3*q = d - 14, -4*d - 8*q = -k*q - 40. What are the prime factors of d?
11
Let d(j) = 14*j**2 - j - 2. Let k be (4 - (-2)/(-1))*1. Let b be d(k). What are the prime factors of b/(-2)*3/(-6)?
13
Let y be 37/7 + 2/(-7). Suppose 0 = -y*a + 3*l + 5, 0*a = 5*a - 4*l. What are the prime factors of a?
2
Let m(k) = k**2 + 9*k - 1. Let y be m(-9). Let w = 2 - y. Suppose n - 2 = 4*z, 2*n = -w*n + z + 86. What are the prime factors of n?
2, 3
Suppose -d = 3*z - 7*z + 1, 5 = d + 2*z. Suppose -6*n - d = -3*n - 3*y, -5 = 2*n - 3*y. What are the prime factors of (-3 - 0)/((-3)/n)?
2
Suppose 0 = 4*q - a - 1 - 7, -3*q = -4*a - 6. Suppose -2*t + 5*f = q*f + 1, -2*t + f + 9 = 0. List the prime factors of -1 + t + 2/1.
2
Suppose -4*c + 15 = -13. Suppose -5*r - c = -172. List the prime factors of r.
3, 11
Suppose 2*y + 13 = 3*q - 0*y, 4*q - 5*y = 22. What are the prime factors of q/6*12*1?
2, 3
Let b = 1 + 4. Suppose -2*p - 2*p = 5*g - 15, 0 = -4*p + 2*g + 22. Suppose 0 = -p*y + b + 30. What are the prime factors of y?
7
Suppose 383 = 3*b - 2*i + i, 2*b - 2*i - 254 = 0. What are the prime factors of b?
2
What are the prime factors of 233/6 - (-1)/6?
3, 13
What are the prime factors of 8 + -5 + 21*1?
2, 3
Suppose 5*s - 35 = -n, s + 20 - 48 = 4*n. Let r(k) = -4*k + 9. Let h(l) = -l + 1. Let f(o) = 2*h(o) - r(o). List the prime factors of f(s).
3
Suppose 62*z + 230 = 57*z. Let c be (1 - 2) + (-56)/2. Let u = c - z. List the prime factors of u.
17
Let y = -6 + 0. Let z(j) = -j**3 - 7*j**2 - 7*j - 4. List the prime factors of z(y).
2
Let o(c) = -3*c + 1. Suppose 3*n + 0*n - 5*x = -38, 4*n - 2*x + 46 = 0. Let i = 8 + n. List the prime factors of o(i).
2, 5
Suppose 5*c + 3 = 6*c. Let a = c - 0. Suppose -a*p = -2*p - 14. What are the prime factors of p?
2, 7
Suppose 5*b = 3*r + 155, -5*r = 5 - 30. Suppose 3*q - b = q. Suppose -5*h = -q - 3. What are the prime factors of h?
2
Suppose 4*j = -60 + 188. Let w = j - 2. List the prime factors of w.
2, 3, 5
Let w(g) = 2*g**3 - g**2 - 2*g + 4. What are the prime factors of w(3)?
43
Let w(t) = t**2 - 5. Let q be (5 - 0)*6/15. Let k = 6 - q. List the prime factors of w(k).
11
Let w(u) = u**2 + 2*u + 25. List the prime factors of w(-10).
3, 5, 7
Let o be (5/3 + -3)*-6. Let i = 14 - o. List the prime factors of (216/(-16))/(i/(-8)).
2, 3
Let r(d) = d**2 + 9*d - 7. List the prime factors of r(-12).
29
Let l(f) be the third derivative of f**4/24 + f**3/3 - 3*f**2. List the prime factors of l(3).
5
Let l be (-1)/3 + 124/3. Let r = -9 + l. What are the prime factors of r/6 + 2/3?
2, 3
Let d(x) = 3*x - 39. What are the prime factors of d(17)?
2, 3
List the prime factors of -22*(4 - 7)/6.
11
Let l(n) = -n + 4. Let w be l(5). What are the prime factors of w/(-4) + (-114)/(-24)?
5
Let u(t) = -t**3 + 7*t**2 + 7. Let w be u(7). Let c(s) = s**2 + 3*s - 8. Let v be c(-6). Let b = v - w. List the prime factors of b.
3
Let i = -90 + 127. List the prime factors of i.
37
List the prime factors of 1456/7 + 1 + 0.
11, 19
Let q be 6/(-7)*(-49)/14. Suppose -q*p + 39 = -0*p. List the prime factors of p.
13
Suppose -4*u = 5*k + 10, -k + u + 3*u = -22. Suppose -k*w + 2 = -w. List the prime factors of w.
2
Suppose -5 + 2 = -3*d. Suppose d = 4*g + 9. What are the prime factors of g - 1*11*-1?
3
Let q(d) = 5 - 1 + 5*d - 3*d - 3*d. Let k = 5 - 11. List the prime factors of q(k).
2, 5
Suppose 5*v - 12 - 68 = 0. List the prime factors of v.
2
Let p = 3 + -1. Suppose 5*j - p*i = -i + 49, -3*j - 5*i = -7. What are the prime factors of j?
3
Suppose u - 56 = -5*h, -7*h + 132 = 2*u - 2*h. Let b be u/10 - 2/(-5). Let f = b + -2. What are the prime factors of f?
2, 3
Let o(y) = 4*y**2 - 4*y - 3. Let j(d) = d**3 - 17*d**2 + 17*d - 12. Let x be j(16). List the prime factors of o(x).
3, 5
Suppose -110 = -5*x + 15. Suppose -5*q = -x, 3*n + n = -5*q + 117. List the prime factors of n.
23
Let w(o) = 3*o**2 + 3*o - 2. Let y(x) = 4*x**2 - 6. Let k(d) = d**2 + d - 1. Let i(j) = 5*k(j) - y(j). Let c be i(-4). List the prime factors of w(c).
2
Let l = 29 + -12. List the prime factors of l.
17
Suppose -42 = -3*k - 3*g, -3*k + 53 - 3 = 5*g. Suppose 4*t + t = k. What are the prime factors of t?
2
Suppose 2*u - 5*u + 15 = 0. Suppose 0 = 2*q + u*m - 2 - 3, 0 = -5*q + 2*m + 56. What are the prime factors of q?
2, 5
Suppose 4*o = -o. Let x be (4*1)/(-2) + 14. Suppose n + n - x = o. List the prime factors of n.
2, 3
Suppose 5*f - 3*f + 912 = 4*w, 1110 = 5*w + 5*f. What are the prime factors of w?
2, 113
Let v(f) = -f**3 - 17*f**2 + 16*f + 45. What are the prime factors of v(-18)?
3
What are the prime factors of (6*1)/2*(-124)/(-12)?
31
What are the prime factors of -10*((-18)/4 - -4)?
5
Let s be 3*((-64)/(-3) - 2). Suppose 4*d - s = -5*b, 5*d + 19 = 3*b + 110. List the prime factors of d.
17
Let r be 7 + (-4 - (3 + -6)). Let x be ((-10)/3)/((-4)/r). Suppose -x*n = -g - 60, -12 = -n + g + 3*g. List the prime factors of n.
2, 3
Let l = 1 + -1. Suppose t + l = 1. What are the prime factors of t/3*(7 - 1)?
2
Let c = 7 + -9. List the prime factors of 28/(2/(-8)*c).
2, 7
Let c = -2 - -2. Suppose c = -0*a - 2*a - 10. What are the prime factors of (-2)/1*a + -2?
2
Let p(q) be the second derivative of 2*q**4/3 - 5*q**3/6 + 2*q**2 + 5*q. List the prime factors of p(2).
2, 13
Let f(k) = -k - 1. Let r be f(-6). Let s(z) = -z**3 + 5*z**2 + 4*z - 7. Let h be s(r). Let l = h + -7. List the prime factors of l.
2, 3
Let f = 2 + 7. What are the prime factors of f?
3
Let k be 2*(3/(-2))/(-1). Let u = 41 - 10. Suppose -k*j - u = -4*h, 3*h + 2*j - 5 = 2*h. List the prime factors of h.
7
Let x(v) = 2*v**3 - 2*v. List the prime factors of x(3).
2, 3
Let v = 24 - 13. Let q = v - 16. What are the prime factors of (-2)/(q/(25/2))?
5
What are the prime factors of (0 - -1)*((4 - -2) + 89)?
5, 19
Let m(p) be the first derivative of -2*p - 1/2*p**2 + 1/3*p**3 - 1. List the prime factors of m(3).
2
Let w = -8 + 5. Let m = w + 7. Suppose 4*x + i - 70 = 0, -3*i = x - m - 8. List the prime factors of x.
2, 3
Let y = -7 - -3. Let s be y/10 + 28/(-5). Let j = s + 8. List the prime factors of j.
2
Let v = 56 - 1. Suppose 0 = -12*a - 13 + 109. List the prime factors of a/10*v/2.
2, 11
Let j be 1078/9 + 34/153. Suppose 6*z - 2*z - j = 0. List the prime factors of z.
2, 3, 5
Let p(d) = 4*d**2 + 9*d + 2. Let m be p(-9). Suppose -13*j + 18*j = m. What are the prime factors of j?
7
Suppose -m - 4 = -3*s - 0*s, 0 = -2*m - 2*s + 16. Suppose -4*i + 100 = 3*t - m, -5*t - 105 = -5*i. What are the prime factors of i?
2, 3
Let v(a) = -a**3 - 7*a**2 - 2*a - 9. Let r be v(-7). Suppose z - 1 = -r*x + 5, 4*x = -3*z + 7. What are the prime factors of z + (-2)/1 - -9?
2
Let n = 8 + -11. Suppose -3*g + 28 - 7 = 0. Let s = g + n. List the prime factors of s.
2
Let a = -33 + 60. List the prime factors of a.
3
Let n(w) = -w**3 + 8*w**2 + 3*w - 1. What are the prime factors of n(6)?
89
Suppose -5*x + 3 - 4 = 3*w, x - 13 = -5*w. Suppose 4*h = h - w*r + 72, -82 = -3*h + 2*r. What are the prime factors of h?
2, 13
Let u(c) = -7*c - 58. What are the prime factors of u(-17)?
61
Let l be -2 - (1 + 16/(-2)). Suppose 2*g + 4*m - 38 = 0, -4*m + 83 - 12 = l*g. What are the prime factors of g?
11
Let t(x) = -44*x**3 - 2*x**2 + x - 2. What are the prime factors of t(-2)?
2, 5, 17
Let n(z) = 1. Let b(l) = 2*l + 4. Let g(k) = -b(k) + 4*n(k). Let j be g(2). What are the prime factors of (-16 - -2)/(2 + j)?
7
Suppose 0 = 3*w - 28 - 29. What are the prime factors of w?
19
Suppose -3*c + 2*c - 3*a = -20, 5*c + 5*a - 50 = 0. Suppose -c*g + 19 + 11 = 0. What are the prime factors of g?
2, 3
Suppose -126 = -4*q - 5*q. Suppose -c = 3*c - 32. Let h = q - c. What are the prime factors of h?
2, 3
Suppose 5*w + 0*w = 2*d + 25, -3*d